{"id":7,"date":"2023-06-02T23:57:46","date_gmt":"2023-06-02T23:57:46","guid":{"rendered":"https:\/\/zora.com.ar\/?page_id=7"},"modified":"2023-06-05T23:40:04","modified_gmt":"2023-06-05T23:40:04","slug":"diseno-de-tableros","status":"publish","type":"page","link":"https:\/\/zora.com.ar\/index.php\/diseno-de-tableros\/","title":{"rendered":"DISE\u00d1O ELECTRICO"},"content":{"rendered":"\n<p>El dise\u00f1o y construcci\u00f3n de tablero es una de nuestras especialidades. Todos son confeccionados con un riguroso proyecto el\u00e9ctrico y softwares de gesti\u00f3n.<\/p>\n\n\n\n<p>Como resultado tenemos tableros ordenados, expandibles, correctamente documentados, agradables de ver y trabajar en ellos.<\/p>\n\n\n\n<p><br>Un tablero el\u00e9ctrico debe dise\u00f1arse teniendo en cuenta varios aspectos clave. Primero, se debe determinar la carga el\u00e9ctrica total y distribuir los circuitos de manera equilibrada. Seleccionar adecuadamente los interruptores, fusibles y dispositivos de protecci\u00f3n para cada circuito. Organizar los componentes de forma l\u00f3gica y accesible, con etiquetas claras para facilitar la identificaci\u00f3n. Se deben considerar las normas de seguridad el\u00e9ctrica y el cumplimiento de los c\u00f3digos locales. Adem\u00e1s, es importante dejar espacio para futuras expansiones y mantener una buena ventilaci\u00f3n para evitar el sobrecalentamiento. Finalmente, se debe documentar y etiquetar adecuadamente el tablero para facilitar el mantenimiento y las intervenciones futuras.<\/p>\n\n\n\n<figure class=\"wp-block-image size-large\"><img loading=\"lazy\" decoding=\"async\" width=\"1024\" height=\"576\" src=\"https:\/\/zora.com.ar\/wp-content\/uploads\/2023\/06\/IMG_20220706_082808-1024x576.jpg\" alt=\"\" class=\"wp-image-60\" srcset=\"https:\/\/zora.com.ar\/wp-content\/uploads\/2023\/06\/IMG_20220706_082808-1024x576.jpg 1024w, https:\/\/zora.com.ar\/wp-content\/uploads\/2023\/06\/IMG_20220706_082808-300x169.jpg 300w, https:\/\/zora.com.ar\/wp-content\/uploads\/2023\/06\/IMG_20220706_082808-768x432.jpg 768w, https:\/\/zora.com.ar\/wp-content\/uploads\/2023\/06\/IMG_20220706_082808-1536x864.jpg 1536w, https:\/\/zora.com.ar\/wp-content\/uploads\/2023\/06\/IMG_20220706_082808-2048x1152.jpg 2048w\" sizes=\"auto, (max-width: 1024px) 100vw, 1024px\" \/><\/figure>\n\n\n\n<p>\u00a1Que tu inversi\u00f3n en automatizaci\u00f3n no se vea afectada por una mala confecci\u00f3n, dise\u00f1o, numeraci\u00f3n o documentaci\u00f3n!<\/p>\n","protected":false},"excerpt":{"rendered":"<p>El dise\u00f1o y construcci\u00f3n de tablero es una de nuestras especialidades. Todos son confeccionados con un riguroso proyecto el\u00e9ctrico y softwares de gesti\u00f3n. Como resultado tenemos tableros ordenados, expandibles, correctamente documentados, agradables de ver y trabajar en ellos. Un tablero el\u00e9ctrico debe dise\u00f1arse teniendo en cuenta varios aspectos clave. Primero, se debe determinar la carga&hellip;&nbsp;<a href=\"https:\/\/zora.com.ar\/index.php\/diseno-de-tableros\/\" class=\"\" rel=\"bookmark\">Leer m\u00e1s &raquo;<span class=\"screen-reader-text\">DISE\u00d1O ELECTRICO<\/span><\/a><\/p>\n","protected":false},"author":1,"featured_media":0,"parent":0,"menu_order":0,"comment_status":"closed","ping_status":"closed","template":"","meta":{"neve_meta_sidebar":"","neve_meta_container":"","neve_meta_enable_content_width":"","neve_meta_content_width":0,"neve_meta_title_alignment":"","neve_meta_author_avatar":"","neve_post_elements_order":"","neve_meta_disable_header":"","neve_meta_disable_footer":"","neve_meta_disable_title":"","footnotes":""},"class_list":["post-7","page","type-page","status-publish","hentry"],"_links":{"self":[{"href":"https:\/\/zora.com.ar\/index.php\/wp-json\/wp\/v2\/pages\/7","targetHints":{"allow":["GET"]}}],"collection":[{"href":"https:\/\/zora.com.ar\/index.php\/wp-json\/wp\/v2\/pages"}],"about":[{"href":"https:\/\/zora.com.ar\/index.php\/wp-json\/wp\/v2\/types\/page"}],"author":[{"embeddable":true,"href":"https:\/\/zora.com.ar\/index.php\/wp-json\/wp\/v2\/users\/1"}],"replies":[{"embeddable":true,"href":"https:\/\/zora.com.ar\/index.php\/wp-json\/wp\/v2\/comments?post=7"}],"version-history":[{"count":2,"href":"https:\/\/zora.com.ar\/index.php\/wp-json\/wp\/v2\/pages\/7\/revisions"}],"predecessor-version":[{"id":112,"href":"https:\/\/zora.com.ar\/index.php\/wp-json\/wp\/v2\/pages\/7\/revisions\/112"}],"wp:attachment":[{"href":"https:\/\/zora.com.ar\/index.php\/wp-json\/wp\/v2\/media?parent=7"}],"curies":[{"name":"wp","href":"https:\/\/api.w.org\/{rel}","templated":true}]}}